{"id":8187,"date":"2021-01-13T10:07:11","date_gmt":"2021-01-13T10:07:11","guid":{"rendered":"https:\/\/urbanai.fr\/ce\/iacopo-testi-copy\/"},"modified":"2021-03-04T22:38:22","modified_gmt":"2021-03-04T22:38:22","slug":"scott-shepard","status":"publish","type":"ce","link":"https:\/\/urbanai.fr\/fr\/ce\/scott-shepard\/","title":{"rendered":"Scott Shepard"},"content":{"rendered":"<div class=\"wpb-content-wrapper\">[vc_row][vc_column width=\u00a0\u00bb1\/4&Prime;][tm_team_member style=\u00a0\u00bb03&Prime; social_networks=\u00a0\u00bb%5B%7B%22icon_type%22%3A%22fontawesome5%22%2C%22icon_fontawesome5%22%3A%22fab%20fa-linkedin%22%2C%22icon_ion%22%3A%22ion-alert%22%2C%22icon_linea%22%3A%22linea-arrows-anticlockwise%22%2C%22icon_linea_svg%22%3A%22linea-arrows-anticlockwise%22%2C%22link%22%3A%22https%3A%2F%2Fwww.linkedin.com%2Fin%2Fscottcities1st%2F%22%2C%22title%22%3A%22Linkedin%22%7D%2C%7B%22icon_type%22%3A%22fontawesome5%22%2C%22icon_fontawesome5%22%3A%22fab%20fa-twitter%22%2C%22icon_ion%22%3A%22ion-alert%22%2C%22icon_linea%22%3A%22linea-arrows-anticlockwise%22%2C%22icon_linea_svg%22%3A%22linea-arrows-anticlockwise%22%2C%22link%22%3A%22https%3A%2F%2Ftwitter.com%2FScottCities1st%22%2C%22title%22%3A%22Linkedin%22%7D%5D\u00a0\u00bb custom_border_color=\u00a0\u00bb#f5f5f5&Prime; photo=\u00a0\u00bb8032&Prime; name=\u00a0\u00bbScott Shepard\u00a0\u00bb position=\u00a0\u00bbVP @ Iomob | ex-Free2Move | Leader d&rsquo;opinion et conf\u00e9rencier | Expert en mobilit\u00e9 num\u00e9rique | Conseiller et mentor de startups\u00a0\u00bb][tm_spacer size=\u00a0\u00bblg:28&Prime;][\/vc_column][vc_column width=\u00a0\u00bb3\/4&Prime;][vc_column_text el_class=\u00a0\u00bbtextbiojustif546&Prime;]Form\u00e9 officiellement en tant qu&rsquo;urbaniste et g\u00e9ographe professionnel, Scott Shepard est un expert en mobilit\u00e9 num\u00e9rique, un conseiller en d\u00e9marrage et un leader d&rsquo;opinion qui comprend et est passionn\u00e9 par l&rsquo;intersection des villes, du mouvement, de la politique et de la technologie. Scott est un conf\u00e9rencier d&rsquo;honneur mondial recherch\u00e9 lors d&rsquo;\u00e9v\u00e9nements tels que Transportation Research Board (TRB), ITS World Congress, MOVE, International Association of Transportation Regulators (IATR), Smart Mobility Congress, ITS European Congress, ISOCARP Congress, Micromobility Expo, World Shopper &amp; Urbanisme Next Europe. Il a \u00e9t\u00e9 conf\u00e9rencier invit\u00e9 \u00e0 l&rsquo;Universit\u00e9 de Dartmouth, \u00e0 l&rsquo;Universit\u00e9 de Californie \u00e0 San Diego et \u00e0 l&rsquo;Universit\u00e9 de Coventry.[\/vc_column_text][tm_spacer size=\u00a0\u00bblg:28&Prime;][\/vc_column][\/vc_row][vc_row][vc_column][tm_spacer size=\u00a0\u00bblg:28&Prime;][tm_spacer size=\u00a0\u00bblg:28&Prime;][\/vc_column][\/vc_row]\n<\/div>","protected":false},"excerpt":{"rendered":"<p>[vc_row][vc_column width=\u00a0\u00bb1\/4&Prime;][tm_team_member style=\u00a0\u00bb03&Prime; social_networks=\u00a0\u00bb%5B%7B%22icon_type%22%3A%22fontawesome5%22%2C%22icon_fontawesome5%22%3A%22fab%20fa-linkedin%22%2C%22icon_ion%22%3A%22ion-alert%22%2C%22icon_linea%22%3A%22linea-arrows-anticlockwise%22%2C%22icon_linea_svg%22%3A%22linea-arrows-anticlockwise%22%2C%22link%22%3A%22https%3A%2F%2Fwww.linkedin.com%2Fin%2Fscottcities1st%2F%22%2C%22title%22%3A%22Linkedin%22%7D%2C%7B%22icon_type%22%3A%22fontawesome5%22%2C%22icon_fontawesome5%22%3A%22fab%20fa-twitter%22%2C%22icon_ion%22%3A%22ion-alert%22%2C%22icon_linea%22%3A%22linea-arrows-anticlockwise%22%2C%22icon_linea_svg%22%3A%22linea-arrows-anticlockwise%22%2C%22link%22%3A%22https%3A%2F%2Ftwitter.com%2FScottCities1st%22%2C%22title%22%3A%22Linkedin%22%7D%5D\u00a0\u00bb custom_border_color=\u00a0\u00bb#f5f5f5&Prime; photo=\u00a0\u00bb8032&Prime; name=\u00a0\u00bbScott Shepard\u00a0\u00bb position=\u00a0\u00bbVP @ Iomob | ex-Free2Move | Leader d&rsquo;opinion et conf\u00e9rencier | Expert en mobilit\u00e9 num\u00e9rique | Conseiller et mentor de startups\u00a0\u00bb][tm_spacer size=\u00a0\u00bblg:28&Prime;][\/vc_column][vc_column width=\u00a0\u00bb3\/4&Prime;][vc_column_text el_class=\u00a0\u00bbtextbiojustif546&Prime;]Form\u00e9 officiellement en tant qu&rsquo;urbaniste et g\u00e9ographe professionnel, Scott Shepard est un expert en mobilit\u00e9 num\u00e9rique, un conseiller en d\u00e9marrage et un leader d&rsquo;opinion qui comprend et est passionn\u00e9 par l&rsquo;intersection des villes, du mouvement, de la politique et de la technologie. Scott est un conf\u00e9rencier d&rsquo;honneur mondial recherch\u00e9 lors d&rsquo;\u00e9v\u00e9nements tels que Transportation Research Board (TRB), ITS World Congress, MOVE, International Association of Transportation Regulators (IATR), Smart Mobility Congress, ITS European Congress, ISOCARP Congress, Micromobility Expo, World Shopper &amp; Urbanisme Next Europe. Il a \u00e9t\u00e9 conf\u00e9rencier invit\u00e9 \u00e0 l&rsquo;Universit\u00e9 de Dartmouth, \u00e0 l&rsquo;Universit\u00e9 de Californie \u00e0 San Diego et \u00e0 l&rsquo;Universit\u00e9 de Coventry.[\/vc_column_text][tm_spacer size=\u00a0\u00bblg:28&Prime;][\/vc_column][\/vc_row][vc_row][vc_column][tm_spacer size=\u00a0\u00bblg:28&Prime;][tm_spacer size=\u00a0\u00bblg:28&Prime;][\/vc_column][\/vc_row]<\/p>\n","protected":false},"featured_media":8032,"menu_order":0,"comment_status":"closed","ping_status":"closed","template":"","format":"standard","meta":{"_acf_changed":false,"footnotes":""},"tags":[203],"class_list":["post-8187","ce","type-ce","status-publish","format-standard","has-post-thumbnail","hentry","tag-contributeurs-et-experts"],"acf":[],"_links":{"self":[{"href":"https:\/\/urbanai.fr\/fr\/wp-json\/wp\/v2\/ce\/8187","targetHints":{"allow":["GET"]}}],"collection":[{"href":"https:\/\/urbanai.fr\/fr\/wp-json\/wp\/v2\/ce"}],"about":[{"href":"https:\/\/urbanai.fr\/fr\/wp-json\/wp\/v2\/types\/ce"}],"replies":[{"embeddable":true,"href":"https:\/\/urbanai.fr\/fr\/wp-json\/wp\/v2\/comments?post=8187"}],"version-history":[{"count":4,"href":"https:\/\/urbanai.fr\/fr\/wp-json\/wp\/v2\/ce\/8187\/revisions"}],"predecessor-version":[{"id":8546,"href":"https:\/\/urbanai.fr\/fr\/wp-json\/wp\/v2\/ce\/8187\/revisions\/8546"}],"wp:featuredmedia":[{"embeddable":true,"href":"https:\/\/urbanai.fr\/fr\/wp-json\/wp\/v2\/media\/8032"}],"wp:attachment":[{"href":"https:\/\/urbanai.fr\/fr\/wp-json\/wp\/v2\/media?parent=8187"}],"wp:term":[{"taxonomy":"post_tag","embeddable":true,"href":"https:\/\/urbanai.fr\/fr\/wp-json\/wp\/v2\/tags?post=8187"}],"curies":[{"name":"wp","href":"https:\/\/api.w.org\/{rel}","templated":true}]}}

<div class="wpb-content-wrapper">[vc_row][vc_column width= »1/4&Prime;][tm_team_member style= »03&Prime; social_networks= »%5B%7B%22icon_type%22%3A%22fontawesome5%22%2C%22icon_fontawesome5%22%3A%22fab%20fa-linkedin%22%2C%22icon_ion%22%3A%22ion-alert%22%2C%22icon_linea%22%3A%22linea-arrows-anticlockwise%22%2C%22icon_linea_svg%22%3A%22linea-arrows-anticlockwise%22%2C%22link%22%3A%22https%3A%2F%2Fwww.linkedin.com%2Fin%2Fscottcities1st%2F%22%2C%22title%22%3A%22Linkedin%22%7D%2C%7B%22icon_type%22%3A%22fontawesome5%22%2C%22icon_fontawesome5%22%3A%22fab%20fa-twitter%22%2C%22icon_ion%22%3A%22ion-alert%22%2C%22icon_linea%22%3A%22linea-arrows-anticlockwise%22%2C%22icon_linea_svg%22%3A%22linea-arrows-anticlockwise%22%2C%22link%22%3A%22https%3A%2F%2Ftwitter.com%2FScottCities1st%22%2C%22title%22%3A%22Linkedin%22%7D%5D » custom_border_color= »#f5f5f5&Prime; photo= »8032&Prime; name= »Scott Shepard » position= »VP @ Iomob | ex-Free2Move | Leader d&rsquo;opinion et conférencier | Expert en mobilité numérique | Conseiller et mentor de startups »][tm_spacer size= »lg:28&Prime;][/vc_column][vc_column width= »3/4&Prime;][vc_column_text el_class= »textbiojustif546&Prime;]Formé officiellement en tant qu&rsquo;urbaniste et géographe professionnel, Scott Shepard est un expert en mobilité numérique, un conseiller en démarrage et un leader d&rsquo;opinion qui comprend et est passionné par l&rsquo;intersection des villes, du mouvement, de la politique et de la technologie. Scott est un conférencier d&rsquo;honneur mondial recherché lors d&rsquo;événements tels que Transportation Research Board (TRB), ITS World Congress, MOVE, International Association of Transportation Regulators (IATR), Smart Mobility Congress, ITS European Congress, ISOCARP Congress, Micromobility Expo, World Shopper &amp; Urbanisme Next Europe. Il a été conférencier invité à l&rsquo;Université de Dartmouth, à l&rsquo;Université de Californie à San Diego et à l&rsquo;Université de Coventry.[/vc_column_text][tm_spacer size= »lg:28&Prime;][/vc_column][/vc_row][vc_row][vc_column][tm_spacer size= »lg:28&Prime;][tm_spacer size= »lg:28&Prime;][/vc_column][/vc_row]
</div>

<p>[vc_row][vc_column width= »1/4&Prime;][tm_team_member style= »03&Prime; social_networks= »%5B%7B%22icon_type%22%3A%22fontawesome5%22%2C%22icon_fontawesome5%22%3A%22fab%20fa-linkedin%22%2C%22icon_ion%22%3A%22ion-alert%22%2C%22icon_linea%22%3A%22linea-arrows-anticlockwise%22%2C%22icon_linea_svg%22%3A%22linea-arrows-anticlockwise%22%2C%22link%22%3A%22https%3A%2F%2Fwww.linkedin.com%2Fin%2Fscottcities1st%2F%22%2C%22title%22%3A%22Linkedin%22%7D%2C%7B%22icon_type%22%3A%22fontawesome5%22%2C%22icon_fontawesome5%22%3A%22fab%20fa-twitter%22%2C%22icon_ion%22%3A%22ion-alert%22%2C%22icon_linea%22%3A%22linea-arrows-anticlockwise%22%2C%22icon_linea_svg%22%3A%22linea-arrows-anticlockwise%22%2C%22link%22%3A%22https%3A%2F%2Ftwitter.com%2FScottCities1st%22%2C%22title%22%3A%22Linkedin%22%7D%5D » custom_border_color= »#f5f5f5&Prime; photo= »8032&Prime; name= »Scott Shepard » position= »VP @ Iomob | ex-Free2Move | Leader d&rsquo;opinion et conférencier | Expert en mobilité numérique | Conseiller et mentor de startups »][tm_spacer size= »lg:28&Prime;][/vc_column][vc_column width= »3/4&Prime;][vc_column_text el_class= »textbiojustif546&Prime;]Formé officiellement en tant qu&rsquo;urbaniste et géographe professionnel, Scott Shepard est un expert en mobilité numérique, un conseiller en démarrage et un leader d&rsquo;opinion qui comprend et est passionné par l&rsquo;intersection des villes, du mouvement, de la politique et de la technologie. Scott est un conférencier d&rsquo;honneur mondial recherché lors d&rsquo;événements tels que Transportation Research Board (TRB), ITS World Congress, MOVE, International Association of Transportation Regulators (IATR), Smart Mobility Congress, ITS European Congress, ISOCARP Congress, Micromobility Expo, World Shopper &amp; Urbanisme Next Europe. Il a été conférencier invité à l&rsquo;Université de Dartmouth, à l&rsquo;Université de Californie à San Diego et à l&rsquo;Université de Coventry.[/vc_column_text][tm_spacer size= »lg:28&Prime;][/vc_column][/vc_row][vc_row][vc_column][tm_spacer size= »lg:28&Prime;][tm_spacer size= »lg:28&Prime;][/vc_column][/vc_row]</p>
